f 6?
False
Does 47 divide 8084?
True
Is 105 a factor of 1995?
True
Is 887 a multiple of 84?
False
Does 43 divide 2911?
False
Is 3 a factor of 677?
False
Is 2 a factor of 29?
False
Is 390 a multiple of 5?
True
Is 7565 a multiple of 13?
False
Does 6 divide 1096?
False
Is 46 a factor of 32936?
True
Does 4 divide 92?
True
Is 8 a factor of 88?
True
Is 76860 a multiple of 10?
True
Is 26 a factor of 37665?
False
Does 280 divide 10360?
True
Does 9 divide 8131?
False
Is 4815 a multiple of 45?
True
Is 23701 a multiple of 173?
True
Does 87 divide 96570?
True
Is 551 a multiple of 29?
True
Is 20449 a multiple of 56?
False
Is 7469 a multiple of 11?
True
Does 14 divide 1928?
False
Is 46 a factor of 49036?
True
Is 41166 a multiple of 18?
True
Is 1142 a multiple of 42?
False
Is 139 a factor of 10564?
True
Does 4 divide 609?
False
Is 722 a multiple of 224?
False
Is 151 a factor of 4530?
True
Is 19 a factor of 7300?
False
Does 21 divide 10118?
False
Is 31637 a multiple of 51?
False
Is 8 a factor of 216?
True
Is 34 a factor of 2992?
True
Is 2608 a multiple of 163?
True
Does 10 divide 17690?
True
Is 33 a factor of 3729?
True
Is 56 a factor of 457?
False
Is 738 a multiple of 3?
True
Is 5 a factor of 106?
False
Is 4 a factor of 916?
True
Does 12 divide 1776?
True
Is 2382 a multiple of 94?
False
Is 1153 a multiple of 37?
False
Does 12 divide 1109?
False
Is 626 a multiple of 10?
False
Does 14 divide 4368?
True
Does 2 divide 476?
True
Is 256 a multiple of 8?
True
Does 3 divide 176?
False
Is 5 a factor of 5?
True
Does 7 divide 175?
True
Does 301 divide 48268?
False
Is 56 a factor of 772?
False
Is 47 a factor of 1115?
False
Is 700 a multiple of 7?
True
Does 38 divide 988?
True
Does 62 divide 8494?
True
Does 10 divide 37230?
True
Does 4 divide 260?
True
Does 77 divide 616?
True
Is 1739 a multiple of 16?
False
Is 59 a factor of 16520?
True
Is 1677 a multiple of 13?
True
Is 178 a factor of 18711?
False
Is 7 a factor of 1217?
False
Is 3486 a multiple of 36?
False
Is 2744 a multiple of 14?
True
Is 319 a multiple of 11?
True
Is 1081 a multiple of 23?
True
Does 12 divide 7080?
True
Does 60 divide 46320?
True
Is 6390 a multiple of 15?
True
Is 261 a factor of 117456?
False
Does 96 divide 672?
True
Is 6592 a multiple of 112?
False
Is 10 a multiple of 5?
True
Is 12332 a multiple of 77?
False
Does 184 divide 29973?
False
Is 22152 a multiple of 156?
True
Is 7 a factor of 257?
False
Is 13160 a multiple of 35?
True
Is 118 a factor of 37524?
True
Is 5812 a multiple of 16?
False
Is 3077 a multiple of 108?
False
Does 13 divide 9126?
True
Is 7428 a multiple of 12?
True
Does 24 divide 336?
True
Is 14312 a multiple of 36?
False
Is 16790 a multiple of 146?
True
Is 104397 a multiple of 51?
True
Does 16 divide 1317?
False
Is 7824 a multiple of 12?
True
Does 18 divide 2071?
False
Does 19 divide 10861?
False
Is 3 a factor of 68?
False
Is 27105 a multiple of 15?
True
Is 92517 a multiple of 117?
False
Is 3202 a multiple of 28?
False
Is 1040 a multiple of 20?
True
Is 26050 a multiple of 68?
False
Is 3025 a multiple of 55?
True
Is 18 a factor of 2322?
True
Is 7550 a multiple of 287?
False
Does 35 divide 1330?
True
Does 4 divide 608?
True
Is 33 a factor of 80256?
True
Is 1124 a multiple of 15?
False
Is 18 a factor of 14688?
True
Is 103 a factor of 1442?
True
Is 1656 a multiple of 15?
False
Is 1141 a multiple of 7?
True
Does 9 divide 180?
True
Is 7080 a multiple of 4?
True
Does 12 divide 48192?
True
Is 50879 a multiple of 148?
False
Is 18560 a multiple of 249?
False
Is 4189 a multiple of 71?
True
Does 7 divide 632?
False
Does 186 divide 25668?
True
Is 91 a factor of 25571?
True
Is 13783 a multiple of 7?
True
Does 47 divide 2648?
False
Does 35 divide 4192?
False
Is 67 a factor of 2934?
False
Is 3 a factor of 87?
True
Is 2878 a multiple of 7?
False
Is 81 a factor of 9234?
True
Is 8 a factor of 22409?
False
Does 14 divide 5381?
False
Is 373 a multiple of 22?
False
Does 84 divide 21204?
False
Does 7 divide 8?
False
Does 5 divide 58?
False
Is 44 a factor of 12848?
True
Does 3 divide 1662?
True
Is 65 a factor of 348?
False
Is 37 a factor of 1739?
True
Does 100 divide 79874?
False
Is 4669 a multiple of 161?
True
Is 280 a multiple of 28?
True
Is 514 a multiple of 28?
False
Does 7 divide 855?
False
Is 20090 a multiple of 41?
True
Is 15 a factor of 19681?
False
Does 20 divide 280?
True
Does 11 divide 182?
False
Is 19 a factor of 4427?
True
Is 63 a factor of 1371?
False
Does 30 divide 6070?
False
Does 32 divide 640?
True
Is 5 a factor of 44?
False
Is 999 a multiple of 37?
True
Does 9 divide 207?
True
Does 130 divide 31720?
True
Does 2 divide 38?
True
Does 11 divide 1320?
True
Is 38 a factor of 38?
True
Is 1072 a multiple of 123?
False
Is 12 a factor of 972?
True
Is 33 a factor of 30037?
False
Is 36 a factor of 63180?
True
Is 40 a factor of 9575?
False
Is 198 a multiple of 38?
False
Is 31850 a multiple of 175?
True
Is 1333 a multiple of 49?
False
Does 7 divide 103?
False
Does 8 divide 990?
False
Is 96 a factor of 14016?
True
Is 30 a factor of 6090?
True
Is 39 a factor of 33774?
True
Is 13 a factor of 1157?
True
Is 54 a factor of 3618?
True
Is 8 a factor of 896?
True
Is 107487 a multiple of 81?
True
Is 40182 a multiple of 103?
False
Does 22 divide 94?
False
Is 28 a factor of 26377?
False
Is 46190 a multiple of 62?
True
Is 1118 a multiple of 43?
True
Is 7 a factor of 6867?
True
Does 119 divide 907?
False
Is 1230 a multiple of 6?
True
Is 26 a factor of 2617?
False
Is 152 a multiple of 8?
True
Does 15 divide 930?
True
Does 41 divide 3075?
True
Is 81 a factor of 29727?
True
Is 234 a multiple of 26?
True
Is 496 a multiple of 15?
False
Is 111 a multiple of 3?
True
Does 30 divide 22856?
False
Is 25 a factor of 3750?
True
Does 24 divide 432?
True
Is 81 a multiple of 2?
False
Is 570 a multiple of 38?
True
Is 836 a multiple of 11?
True
Is 243 a multiple of 2?
False
Does 6 divide 48?
True
Is 21 a factor of 9093?
True
Does 5 divide 643?
False
Is 345 a factor of 46891?
False
Is 717 a multiple of 49?
False
Does 46 divide 10575?
False
Does 31 divide 651?
True
Does 57 divide 4833?
False
Is 116 a factor of 7076?
True
Does 77 divide 13027?
False
Does 6 divide 133?
False
Is 2414 a multiple of 15?
False
Is 21 a factor of 1596?
True
Does 9 divide 5175?
True
Is 11 a factor of 480?
False
Is 20 a factor of 323?
False
Does 2 divide 1088?
True
Is 330 a multiple of 15?
True
Is 9079 a multiple of 20?
False
Is 718 a multiple of 65?
False
Does 3 divide 23524?
False
Is 129 a multiple of 2?
False
Does 11 divide 44?
True
Is 42 a factor of 1134?
True
Does 17 divide 68?
True
Does 15 divide 407?
False
Does 63 divide 1071?
True
Is 280 a factor of 41440?
True
Is 5 a factor of 71?
False
Is 2775 a multiple of 6?
False
Does 110 divide 20990?
False
Is 6188 a multiple of 91?
True
Is 34 a factor of 3724?
False
Is 132 a multiple of 44?
True
Is 2146 a multiple of 14?
False
Is 5808 a multiple of 176?
True
Does 8 divide 1023?
False
Is 119 a multiple of 4?
False
Does 7 divide 539?
True
Is 36 a factor of 1936?
False
Is 3630 a multiple of 20?
False
Is 23 a factor of 404?
False
Is 87 a factor of 3219?
True
Is 10642 a multiple of 28?
False
Is 14250 a multiple of 5?
True
Is 83496 a multiple of 14?
True
Is 9753 a multiple of 2?
False
Does 11 divide 6556?
True
Is 6 a factor of 2364?
True
Is 1689 a multiple of 66?
False
Does 6 divide 622?
False
Is 26 a factor of 494?
True
Is 979 a multiple of 89?
True
Is 215 a factor of 770?
False
Is 122 a factor of 488?
True
Is 25 a factor of 367?
False
Is 706 a multiple of 24?
False
Is 15 a factor of 1832?
False
Is 54 a factor of 15301?
False
Is 38 a factor of 722?
True
Is 2 a factor of 31?
False
Does 53 divide 4934?
False
Does 34 divide 131750?
True
Does 9 divide 1305?
True
Is 845 a multiple of 25?
False
Is 467 a multiple of 42?
False
Does 149 divide 10320?
False
Does 3 divide 693?
True
Does 37 divide 915?
False
Is 216 a multiple of 108?
True
Is 4827 a multiple of 39?
False
Is 19650 a multiple of 15?
True
Is 3 a factor of 2922?
True
Is 2 a factor of 106?
True
Is 14 a factor of 22736?
True
Is 140 a factor of 10640?
True
Is 118 a factor of 4823?
False
Does 14 divide 5852?
True
Is 21 a factor of 1754?
False
Is 10 a factor of 9044?
False
Is 34 a multiple of 3?
False
Does 14 divide 7308?
True
Is 3418 a multiple of 13?
False
Does 8 div